1 - 1)/(1 + 1). Suppose -3*g - 2*g + 10 = q. Suppose 0 = -2*a + 16 + g. What is the units digit of a?
9
Let s = 119 + 850. What is the tens digit of s?
6
Suppose -3*y = 5*j + 13, y + j = -2*j - 7. Let s be ((-35)/(-1) - -2)*y. Let g = s + 61. What is the tens digit of g?
2
Let s(q) = 113*q**2 + 2*q + 5. Let l(h) = -169*h**2 - 3*h - 7. Let c(n) = -5*l(n) - 7*s(n). Let i = -597 - -596. What is the units digit of c(i)?
3
Suppose -4*n = 3*x + 6 - 2, -5*x = 20. Suppose -178 = s - n*s. Suppose 4*i - s = -10. What is the units digit of i?
2
Let y(b) = b**3 + 13*b**2 + 13*b + 14. Let c be y(-12). Suppose 4*o - 70 = c*o. Let z = 59 - o. What is the units digit of z?
4
Let r = 189 - 107. Suppose -5*l + 509 - 164 = 0. Suppose -w = 3*g + l - 220, -2*g = -4*w - r. What is the units digit of g?
9
Suppose l - 4 = x, 2*x - 16 = -5*l + 4. Suppose 4*d = 3*o - l*o + 52, 0 = 4*d - 8. What is the units digit of o?
4
What is the tens digit of (15236/(-13))/(1 - 2)?
7
Suppose 3*z + 1392 = 3*t, -3*t - 70 = -4*z - 1466. What is the tens digit of t?
6
What is the thousands digit of 41/(328/192)*(-327)/(-4)?
1
Let j = -50 + 54. Suppose -2*t = 4*r - 134, -2*t = j*r - 2*r - 134. What is the tens digit of t?
6
Let r(k) = -6*k - 4. Let v be r(-1). What is the units digit of (-1)/(6/v*2/(-258))?
3
Suppose -2*k + 35 = -9. Let l = -2 + k. Suppose 3*c = -c + l. What is the units digit of c?
5
Let c be (33/44)/(1/(-4)). What is the units digit of (-29 - (c + 4))*16/(-12)?
0
Let r(h) = 13*h - 9. Suppose 0 = -4*g - d + 26, 0 = -3*g + d + 4*d + 8. What is the units digit of r(g)?
9
What is the units digit of -2*3/24*-484?
1
Let q = 1 - -2. Suppose 0 = q*d + x + x + 27, 4*x = 0. Let j = d - -10. What is the units digit of j?
1
Let b(d) = -42*d + 310. What is the tens digit of b(0)?
1
Let o(z) = z**3 + 20*z**2 - z + 4. Let g be o(-20). Let v = g - -47. What is the tens digit of v?
7
Let p(m) = m**2 + 12*m - 11. Let w be p(-13). Suppose 5*q - 1257 = -4*f + w*f, -q + 4*f + 269 = 0. What is the hundreds digit of q?
2
Let l = 1692 + -290. What is the tens digit of l?
0
Suppose 0 = 2*u - 655 - 281. Suppose -4*o + u = 4*f, -7*o + 105 = f - 3*o. What is the hundreds digit of f?
1
Let o(n) = -n**3 + 26*n**2 - 17*n + 10. What is the thousands digit of o(14)?
2
Let w(h) = 30*h**2 - 3*h + 43. Let m be w(5). Let x = -552 + m. What is the units digit of x?
6
Suppose 0 = -4*d + 511 + 305. Let j = d + -108. What is the tens digit of j?
9
Suppose 5*c - 3*h - 1941 = 0, 2*c - 5*h = -c + 1155. What is the units digit of c?
0
Let x(l) = 1 - 54 - l - 37*l. What is the units digit of x(-9)?
9
Let c(o) = 37*o - 2. Let q = -4 + 5. What is the units digit of c(q)?
5
Let b(y) = 4*y**2 - 5*y + 6. Let t be 0/(-3) - (3 - 5). Let c(q) = -13*q**2 + 14*q - 19. Let f(p) = t*c(p) + 7*b(p). What is the tens digit of f(5)?
1
Let d(v) = -v**2 + 4*v**3 - v**2 - 3*v**3 + 10 - 8*v. Let p be d(5). What is the units digit of p/(-18)*116/(-10)?
9
Suppose 0 = 2*j - 2, 3*d + 689 = -3*j - j. What is the units digit of -1 + -2 - d/(-1 + 2)?
8
Suppose 3*l + 9 = 0, m - 596 = -2*l - 0*l. What is the tens digit of m?
0
Suppose -85 = o + 4*o. Let v(z) = -z**2 - 18*z - 15. Let a be v(o). Suppose h = a*d - 18 - 37, -4*h - 12 = 0. What is the tens digit of d?
2
Let g be (23 - 21) + (0 - -254). What is the units digit of (15/2)/(4*4/g)?
0
Let n = 2151 - 1247. What is the tens digit of n?
0
Let c be 57/12 + 21/(-28). Suppose -c = 2*w, 67 = 3*m - w - 58. What is the tens digit of m?
4
Suppose l = -r - 2*r + 20, -5*r - 3*l + 40 = 0. Suppose k - r*k = -1040. What is the units digit of (-8)/10*k/(-8)?
6
Let o(h) = -5*h**3 - 2*h**2 - 8*h + 4. Let u(d) = d**2 - 2*d**2 - d**2 - 9*d + 5 - 6*d**3 + 0*d**2. Let y(z) = 7*o(z) - 6*u(z). What is the units digit of y(3)?
1
Let f be (-3 + 5)/(6/15). Suppose 10 = -2*v, f*l + 0*v = 4*v + 35. What is the units digit of 26/18*l*6?
6
Suppose -n + 5*n + 40 = -4*u, -5*u = -2*n + 29. Let v(x) = x**2 + 4*x - 12. What is the units digit of v(u)?
9
Let b = -15 + 15. Suppose b*a - 44 = -4*a. Suppose -2*x = -3*x + a. What is the units digit of x?
1
Let t(k) be the third derivative of -k**5/60 + k**4/4 - k**3/2 - 2*k**2. Let w be t(5). Suppose 4*y + 3*m = 3*y, -y + w*m = -10. What is the units digit of y?
6
Let u(l) = 25*l + 4. Let k be u(2). Let f = 70 + k. What is the units digit of f?
4
Suppose 5*r - 44 - 11 = 0. Suppose 4*d - 2*a = 5*d - r, -2*d + 47 = -a. What is the tens digit of d?
2
Let o(v) = -v**2 + 4*v + 1. Let c(t) = -t**2 + 12*t - 6. Let u be c(11). Let p be o(u). Let m = 10 + p. What is the units digit of m?
6
Let q(z) = 75*z**3 - z**2 - z + 2. What is the tens digit of q(1)?
7
Let x(y) = -4*y - y**2 - 5*y - 10*y + 13 + 0*y**2. What is the tens digit of x(-14)?
8
Let z(t) = -t**3 - 11*t**2 + 13*t + 14. Let w be z(-12). What is the tens digit of (w/(-1))/((-8)/(-708)*-3)?
5
Let x(a) = -4*a**3 - 6*a**2 - 11*a - 20. Suppose 6*n = -9 - 15. What is the hundreds digit of x(n)?
1
What is the tens digit of ((-5704)/(-10))/(76/760)?
0
Let t = -11 + 11. Let q(f) = -1 - f**2 - f + t*f + 2. What is the units digit of q(0)?
1
Let j(b) = 2*b**2 - 42*b + 113. What is the hundreds digit of j(36)?
1
Suppose -10*p - 19 = 11. What is the tens digit of (2/(-4))/(p/192)?
3
Let x be (-196)/35*(-10)/4. Suppose 726 = -3*r + x*r. What is the tens digit of r?
6
Let a = 27 + -19. Suppose g = a*g. Suppose g = -w + 4*r + 10 + 7, 2*w - 23 = -3*r. What is the units digit of w?
3
Suppose 8 = -6*b + 38. Suppose -3*o + 37 = 4*k, -2*o - 13 = -o - b*k. Suppose -3*f - 228 = -o*f. What is the units digit of f?
7
Suppose -3*m + 370 = -m. Suppose -76 = -3*c + m. What is the tens digit of c?
8
Let j = 164 + -65. What is the units digit of j?
9
Let n(c) be the third derivative of -c**3 + 13/24*c**4 - 1/60*c**5 + 2*c**2 + 0 + 0*c. What is the units digit of n(11)?
6
Let m(w) = -w**3 - w**2 + w. Let a = 7 - 3. Suppose k = -a + 1. What is the units digit of m(k)?
5
Suppose 2*a + 0*a - 3*b = 5056, 5*a - 4*b = 12654. What is the units digit of a?
4
Suppose -t + 5*n + 262 = -27, n - 3 = 0. What is the tens digit of t?
0
Let i(g) = 3*g + 10. Suppose -4*x = -9*x + 90. Suppose 0 = -x*u + 19*u - 6. What is the tens digit of i(u)?
2
Let g(a) be the second derivative of -5*a**4/24 + 7*a**3/6 + a**2 - 5*a. Let y(k) be the first derivative of g(k). What is the units digit of y(-7)?
2
Let c = 77 - -395. What is the hundreds digit of c?
4
Suppose -3*d - 9 = 0, 9*d - 13*d - 562 = -g. What is the tens digit of g?
5
Let q be (-6)/(-10) - 4/(-10). Let v = 5 - q. Suppose -v*c = 2*r - 102, -2*c + 0*r - 4*r = -54. What is the units digit of c?
5
Let v = 848 - 102. What is the hundreds digit of v?
7
What is the units digit of ((-48)/3)/2*8/(-16)?
4
What is the hundreds digit of (110 + 1)*(14/21 - -7)?
8
What is the tens digit of 3071 + -1 + -3 + 8?
7
Let r = -46 - -27. Let a = r - -24. Suppose 0 = -a*c + 112 + 18. What is the tens digit of c?
2
Suppose -18 = 10*p - 248. What is the tens digit of p?
2
Let q = -184 + 721. What is the hundreds digit of q?
5
Suppose 4884 = 3*f + w, -f + 34*w = 36*w - 1633. What is the thousands digit of f?
1
Suppose 2 = -l + 4. Suppose 5*o - l = 4*o. Suppose 0 = 7*x - 6*x - o. What is the units digit of x?
2
Let u be (-2 + 0 - 17)*-1. Suppose -2*r = r - 5*t + 22, r - 4*t = -u. What is the units digit of r?
1
Let w(y) = 10*y - 2. What is the units digit of w(7)?
8
Suppose 3692 = 9*w + 524. What is the hundreds digit of w?
3
Suppose 3*i - 7 + 1 = 0. Let a(q) = -5 - 11*q**i - 4 + 13*q + 1 + 12*q**2. What is the tens digit of a(-15)?
2
Suppose -11964 + 78282 = 14*i. What is the hundreds digit of i?
7
Suppose -30 = 3*v + 2*v. Let t be ((-4 - 4) + 13)/((-1)/(-4)). Let p = t + v. What is the units digit of p?
4
Let y(f) = -f**3 + 15*f**2 - 16*f + 31. Let c be y(14). Suppose -3*a - 1389 = -c*s - 480, 0 = -4*a + 20. What is the hundreds digit of s?
3
Let k = -68 + 68. Suppose k = 19*h - 27*h + 1816. What is the hundreds digit of h?
2
Let n be ((-52)/(-16) - 3)/(2/40). Let y = 133 + n. What is the hundreds digit of y?
1
Suppose 16*n - 11*n - 1405 = 0. What is the hundreds digit of n?
2
Let l(q) = -10*q**2 + 3*q - 12. Let y(r) = r**2 + r + 1. Let i(x) = -l(x) - y(x). What is the units digit of i(4)?
9
Let y be 183/21 + 2/7. Suppose -2*n - 22 = 3